+ -83. Let f = 41 - r. Suppose -5*o + 37 = -143. Calculate the highest common divisor of f and o.
4
Let w be 65 - (-9)/(0 + 3). Suppose 5*z = -c + 322, 3*z - c - w = 2*z. What is the highest common factor of 13 and z?
13
Let f be (2 + -4)*(6/(-2) + 0). Suppose 74 + f = 4*z. Calculate the highest common factor of 140 and z.
20
Let u be 12*(-6)/(-120) - (-422)/5. Calculate the greatest common divisor of 34 and u.
17
Let u(j) = 8*j + 42. Let r be u(-5). Suppose r*z + d = 46, -5*d + 13 = z - 2*d. What is the greatest common divisor of z and 15?
5
Suppose -245 - 96 = -11*x. Suppose -4*r + 558 = -2*r. Calculate the highest common divisor of x and r.
31
Suppose -7*s + 2*s = -240. Suppose -8*g + 4*g = -s. Let b be (g/9)/((-1)/(-12)). What is the highest common factor of b and 24?
8
Let p = 123 - 43. Calculate the greatest common divisor of p and 30.
10
Let f be 3/(-4) - (-2)/(-8). Let l be f/(-1) - (-5 - -3). Suppose 0 = -5*j - 29 + 74. Calculate the greatest common divisor of l and j.
3
Let i = 13 - 12. Suppose 9 = 4*q - q. Calculate the highest common divisor of i and q.
1
Let c = 1064 + -1040. What is the greatest common divisor of c and 1704?
24
Let x be (-1555)/10*(-11 - -1). Suppose -5*h + 0*h = -5*p + x, 3*p - 965 = -5*h. Calculate the highest common factor of p and 45.
45
Suppose -2*g + 63 = -3*p - 64, 330 = 5*g + 5*p. What is the highest common factor of g and 50?
5
Let p be 12/20 - 2194/(-10). Calculate the greatest common divisor of 20 and p.
20
Let x be (-4)/(-10) + (-216)/(-10). Suppose -193 = 7*w - 347. Calculate the greatest common factor of w and x.
22
Suppose 0 = 4*k + 4*h - 65 - 235, 3*k = -4*h + 220. What is the highest common factor of k and 155?
5
Suppose n + 3*n + 16 = 0. Let l = 12 + n. Let y(a) = a**2 - 14*a - 24. Let k be y(16). What is the highest common factor of k and l?
8
Let k = 559 - 234. Calculate the greatest common factor of 26 and k.
13
Let y = 716 - 711. What is the highest common factor of 8 and y?
1
Let p = -134 + 143. What is the greatest common divisor of 1 and p?
1
Let w(z) = 2*z**2 + 2*z - 3. Let n be w(2). Let c(j) = -2*j - 20. Let u be (2/4 - 0)*-26. Let i be c(u). What is the greatest common divisor of i and n?
3
Suppose -5*n + 127 = 3*t, n - 3 = 2. Suppose 4*s + 3*f - 79 = 214, -5*s - f + 347 = 0. What is the highest common factor of s and t?
34
Suppose -12*l = 247 - 1615. What is the highest common divisor of l and 95?
19
Let f = 680 - 13. What is the highest common factor of 58 and f?
29
Let y = 10 - 7. Let q be -1*-3*y/(-9). Let p be q/((-770)/384 + 2). What is the highest common factor of p and 24?
24
Let m be -3*(4 + (-95)/15). Suppose -4*o + 21 = -15. Suppose 6*b + 21 = o*b. Calculate the highest common divisor of b and m.
7
Let t(s) = s - 2. Let q be t(-1). Let f be 6*q*(-1)/(-3). Let o be ((-22)/f)/(3/45). Calculate the greatest common factor of 22 and o.
11
Suppose -4*d + a + 29 = 0, 0 = -4*d - a + 6*a + 49. Suppose -5 = h - d. Suppose -5 - h = -t. What is the greatest common factor of t and 18?
6
Let m(d) = d**2 + 12*d + 2. Let g be m(-9). Let w = -6 - g. Calculate the highest common divisor of 133 and w.
19
Suppose 0 = -4*g + 5*q + 5, 2*q + 8 = 4*g - 2*q. Let x(w) = 3*w**2 - 11*w - 4. Let n be x(g). What is the highest common divisor of n and 128?
16
Suppose 4*c - 423 - 193 = 0. Let v(n) = 2*n**2 + 7*n + 7. Let t be v(-5). What is the greatest common factor of t and c?
22
Suppose 3*m + 25 = 115. Suppose -5*v + 83*n + 600 = 79*n, 4*v + 2*n = 480. What is the highest common divisor of m and v?
30
Let k(j) = 40*j - 21. Let x(q) = q**2 + q + 3. Let s be x(0). Let p be k(s). Calculate the greatest common divisor of p and 9.
9
Suppose -5*b + 2 = 4*q - 28, -4*b - 4*q = -28. Let x(o) = 6*o**b + 2*o + o**3 - 15 - o + 24. Let l be x(-6). What is the highest common divisor of 2 and l?
1
Let g(j) = -j**3 - 64*j - 26. Let d be g(-11). What is the highest common divisor of d and 49?
49
Suppose 2 = -4*a - 6. Suppose 5*u + 22 - 97 = 0. Let v be u + a + (1 - 0). What is the highest common divisor of 126 and v?
14
Let g = -13 + 28. Suppose 0 = -4*y - y + g. Let n be y + -3 - -3 - -47. Calculate the highest common factor of n and 20.
10
Suppose 6*h + 28 = 2*h. Let j be -1*4/(-6) - h/3. What is the highest common factor of 12 and j?
3
Let n = -213 + 294. What is the highest common divisor of 135 and n?
27
Let r(g) = -g**3 + 11*g**2 + g - 6. Let n be r(10). Suppose 106 = 3*i - n. What is the highest common factor of i and 10?
10
Suppose 0*b + 25 = 5*b. Suppose 0 = 4*q - 2*t + 52, -t + 3*t + 47 = -b*q. Let z be (-2)/q - 262/(-11). Calculate the greatest common divisor of 6 and z.
6
Let u be (3/2)/((-3)/(-16)). Let d be (-8 + 0)*6/(-3). Let q be d*((-3)/(-6) - -2). Calculate the highest common factor of q and u.
8
Let t(r) = -74*r - 40. Let v be t(-1). What is the highest common factor of 2 and v?
2
Suppose -3*o + 4*y + y = -29, -8 = 2*y. Suppose -5*j = o*v - 9, v = -2*j - 2*v. Calculate the greatest common divisor of j and 27.
3
Let c be (4/(-2))/((-4)/22). Suppose -8*k = 2*k - 10. Calculate the greatest common factor of k and c.
1
Let l be (-1000)/((-5)/1) - (0 - 0). Calculate the highest common divisor of 350 and l.
50
Suppose 419 = -6*u + 563. What is the highest common factor of 16 and u?
8
Let y(k) = -k**2 - k. Let o be y(-1). Suppose 8*b - 7*b - 12 = o. What is the highest common factor of b and 36?
12
Let y(z) = 3*z**2 + 2*z - 3. Let q be y(-3). Let h = -152 + 314. What is the greatest common divisor of h and q?
18
Let a = 203 + -192. Calculate the highest common divisor of a and 88.
11
Suppose -25*o - 45 + 195 = 0. Calculate the highest common divisor of o and 102.
6
Suppose -7*h + 517 + 78 = 0. Let r = 25 + -8. Calculate the greatest common divisor of r and h.
17
Suppose 42 = 6*p - 60. Suppose -55 - p = -4*m. Suppose 0 = r + 2*o - m, r + 3*o = -12 + 33. Calculate the highest common divisor of 24 and r.
12
Suppose -7*o + 12*o + 385 = 0. Let s = -73 - o. What is the highest common factor of 32 and s?
4
Let q = 213 + -209. What is the greatest common divisor of 100 and q?
4
Let o = -274 - -757. Suppose -10*d + o - 3 = 0. Calculate the highest common factor of d and 72.
24
Suppose 0 = 5*h - 5*i - 0*i, 0 = -2*h - 3*i. Let f(n) = n + 54. Let z be f(-12). Let t be (h - z)/(18/(-12)). What is the greatest common factor of 70 and t?
14
Suppose u = -3*u + 24. Let s = u - -17. What is the greatest common divisor of s and 23?
23
Let w = 190 - 169. Calculate the highest common divisor of w and 294.
21
Let y = 12 - 0. Suppose 5*s - y = s. Suppose -t = s*c - 3*t - 31, -38 = -2*c - 3*t. Calculate the greatest common divisor of 13 and c.
13
Let d(v) = -2*v - 9 + 0 - 6. Let o be d(-7). Let z be o - (-6 - (5 + -2)). Calculate the greatest common divisor of z and 2.
2
Let p be 6*(763/42 + -4). Let m = -21 + 55. What is the greatest common factor of p and m?
17
Let o be (1 - (5 + -5)) + 41. Calculate the highest common divisor of 504 and o.
42
Suppose -5*o = -w, -4*o + 93 = 5*w - 23. What is the greatest common divisor of 140 and w?
20
Let p(c) = 78*c**2 - 1. Let x be p(1). Calculate the greatest common factor of 187 and x.
11
Let v be (-8)/(432/(-6795)) - (-3)/18. Suppose 2*x = 5*n + 37, 2*x + x = 5*n + 43. What is the highest common factor of v and x?
6
Let n = 2 - -33. Let a = n + -23. What is the highest common factor of 48 and a?
12
Suppose -3*f + 181 = 13. Let t(v) = -2*v + 40. Let c be t(6). What is the highest common factor of c and f?
28
Let w(q) = 52*q - 510. Let u be w(17). Calculate the highest common factor of 22 and u.
22
Let c(w) be the third derivative of w**6/120 - w**5/30 - 5*w**4/24 + 5*w**3/3 + 8*w**2. Let n be c(3). What is the highest common divisor of n and 8?
4
Let d(y) be the second derivative of -y**5/20 + 7*y**4/4 - 3*y**3 + 3*y**2 + 17*y. Let r be d(20). What is the greatest common divisor of r and 115?
23
Suppose l = -2*y + 3 + 14, -2*l - 6*y = -42. Calculate the greatest common divisor of l and 1881.
9
Suppose 13 = -4*z + 33. Let j(b) = b**3 - 2*b**2 + 63*b - 116. Let d be j(2). Calculate the greatest common factor of z and d.
5
Let f = 621 - 285. Suppose 0*l + 7*l = f. Suppose -4*w - 5*g + 44 = 0, -2*g = -w - 6*g. What is the greatest common divisor of l and w?
16
Let b(w) = -w**3 + 6*w**2 + 1